{"id":24,"date":"2020-01-27T19:01:25","date_gmt":"2020-01-27T17:01:25","guid":{"rendered":"http:\/\/ferienhausfeldmann.fi\/www\/?page_id=24"},"modified":"2020-01-28T18:48:49","modified_gmt":"2020-01-28T16:48:49","slug":"esittely-2","status":"publish","type":"page","link":"https:\/\/ferienhausfeldmann.fi\/www\/esittely-2\/","title":{"rendered":"Esittely"},"content":{"rendered":"\r\n<p><img loading=\"lazy\" decoding=\"async\" src=\"\/kuvat\/maisema001.jpg\" border=\"0\" width=\"600\" height=\"95\"><\/p>\r\n<h3><strong><strong><strong><strong><a href=\"\/web\/..\/helmi.htm\" target=\"_blank\" rel=\"noopener noreferrer\">Tee virtuaalikierros Helmi-m\u00f6kkiin t\u00e4st\u00e4!<\/a><\/strong><\/strong><\/strong><\/strong><\/h3>\r\n<p><strong>Helmi-m\u00f6kki<\/strong> sijaitsee Hauhon Rukkoilan kyl\u00e4n Lampaansalmessa, kirkas ja puhdasvetisen Hiirisel\u00e4n (V\u00e4h\u00e4-Roine) rannalla H\u00e4meenlinnasta  42 km koilliseen. Tontti on tasainen ja avautuu l\u00e4nteen. M\u00f6kill\u00e4 on oma ranta  laitureineen, ranta on hiekkapohjainen ja pitk\u00e4lle matala. Eritt\u00e4in  rauhallinen paikka, huolimatta muusta kes\u00e4asutuksesta. Hauho on vilkas lomapit\u00e4j\u00e4, vanhaa kulttuuria, romanttisia kartanoravintoloita ja vilkkaita kes\u00e4tapahtumia. Talvella p\u00e4\u00e4see hiiht\u00e4m\u00e4\u00e4n hoidetuille laduille, Ski Sappeeseen on vain  38 km ajomatka ja Hiiriselk\u00e4 tarjoaa talvellakin oivat puitteet  ahvenen narraajille.<br> <br> Tule sin\u00e4kin viihtym\u00e4\u00e4n Hauholle!<\/p>\r\n<p><strong>Tontti\/milj\u00f6\u00f6<\/strong><br> Hauho, Rukkoila<br> V\u00e4h\u00e4-Roine, Hiiriselk\u00e4, rantaan 70 m, matala hiekkaranta,  sopii lapsille, rantaviivaa 50 m pys\u00e4k\u00f6inti pihassa<br><br> <strong>Et\u00e4isyyksi\u00e4<\/strong><br>Kauppa 13 km, l\u00e4hinaapuri 100 m, ravintola 13 km, latu 100 m,   hiihtohissi 38 km, bussipys\u00e4kki 7km, rautatieasema 42 km,  Helsinki 142 km, H\u00e4meenlinna 42 km, Lahti 73 km, Tampere 74 km<br> <br> <strong>Lomam\u00f6kki<\/strong><br> H\u00f6yl\u00e4hirsi, 54m2<br> Tupa + 1mh + k + parvi, 1,5-kerrosta<br> 4 + 2 vuodetta, liinavaatteet lis\u00e4hintaan 20 \u20ac\/hl\u00f6<br> Talviasuttava, s\u00e4hk\u00f6-\/puul\u00e4mmitys<br> Rakennettu 2006<br> Osittain katettu terassi 20 m2<\/p>\r\n<p><img loading=\"lazy\" decoding=\"async\" src=\"\/web\/..\/kuvat\/maisema002.jpg\" border=\"0\" width=\"601\" height=\"95\"><\/p>\r\n<li>s\u00e4hk\u00f6t; verkkos\u00e4hk\u00f6<\/li>\r\n<li>vesijohto (kaivo)<\/li>\r\n<li>WC<\/li>\r\n<li>suihku<\/li>\r\n<li>s\u00e4hk\u00f6valaistus<\/li>\r\n<li>j\u00e4\u00e4kaappi<\/li>\r\n<li>varaava takka, polttopuut<\/li>\r\n<li>s\u00e4hk\u00f6hella<\/li>\r\n<li>mikrouuni<\/li>\r\n<li>astiasto<\/li>\r\n<li>tiskikone<\/li>\r\n<li>kahvinkeitin<\/li>\r\n<li>leiv\u00e4npaahdin<\/li>\r\n<li>TV<\/li>\r\n<li>pesukone<\/li>\r\n<li>p\u00f6lynimuri<\/li>\r\n<li>ulkogrilli<\/li>\r\n<li>soutuvene<\/li>\r\n<li>laituri<\/li>\r\n<li>liesituuletin<\/li>\r\n<p><br> <strong>Sauna<\/strong><br> Asuinrakennuksen yhteydess\u00e4, puul\u00e4mmitteinen, 3-4 saunojalle, pesuhuone<br> <br><strong>Yhteystiedot<\/strong><br>Seija ja Mario Feldmann<br>puh.: 050 308 7151<br>\r\n<p><img loading=\"lazy\" decoding=\"async\" src=\"\/web\/..\/kuvat\/maisema003.jpg\" border=\"0\" width=\"600\" height=\"95\"><\/p>\r\n\r\n\r\n\r\n<p><\/p>\r\n","protected":false},"excerpt":{"rendered":"<p>Tee virtuaalikierros Helmi-m\u00f6kkiin t\u00e4st\u00e4! Helmi-m\u00f6kki sijaitsee Hauhon Rukkoilan kyl\u00e4n Lampaansalmessa, kirkas ja puhdasvetisen Hiirisel\u00e4n (V\u00e4h\u00e4-Roine) rannalla H\u00e4meenlinnasta 42 km koilliseen. Tontti on tasainen ja avautuu l\u00e4nteen. M\u00f6kill\u00e4 on oma ranta laitureineen, ranta on hiekkapohjainen ja pitk\u00e4lle matala. Eritt\u00e4in rauhallinen paikka, huolimatta muusta kes\u00e4asutuksesta. Hauho on vilkas lomapit\u00e4j\u00e4, vanhaa kulttuuria, romanttisia kartanoravintoloita ja vilkkaita kes\u00e4tapahtumia. Talvella &#8230; <a title=\"Esittely\" class=\"read-more\" href=\"https:\/\/ferienhausfeldmann.fi\/www\/esittely-2\/\" aria-label=\"Lue lis\u00e4\u00e4 aiheesta Esittely\">Lue lis\u00e4\u00e4<\/a><\/p>\n","protected":false},"author":1,"featured_media":0,"parent":0,"menu_order":0,"comment_status":"closed","ping_status":"closed","template":"","meta":{"ngg_post_thumbnail":0,"footnotes":""},"class_list":["post-24","page","type-page","status-publish"],"_links":{"self":[{"href":"https:\/\/ferienhausfeldmann.fi\/www\/wp-json\/wp\/v2\/pages\/24","targetHints":{"allow":["GET"]}}],"collection":[{"href":"https:\/\/ferienhausfeldmann.fi\/www\/wp-json\/wp\/v2\/pages"}],"about":[{"href":"https:\/\/ferienhausfeldmann.fi\/www\/wp-json\/wp\/v2\/types\/page"}],"author":[{"embeddable":true,"href":"https:\/\/ferienhausfeldmann.fi\/www\/wp-json\/wp\/v2\/users\/1"}],"replies":[{"embeddable":true,"href":"https:\/\/ferienhausfeldmann.fi\/www\/wp-json\/wp\/v2\/comments?post=24"}],"version-history":[{"count":4,"href":"https:\/\/ferienhausfeldmann.fi\/www\/wp-json\/wp\/v2\/pages\/24\/revisions"}],"predecessor-version":[{"id":238,"href":"https:\/\/ferienhausfeldmann.fi\/www\/wp-json\/wp\/v2\/pages\/24\/revisions\/238"}],"wp:attachment":[{"href":"https:\/\/ferienhausfeldmann.fi\/www\/wp-json\/wp\/v2\/media?parent=24"}],"curies":[{"name":"wp","href":"https:\/\/api.w.org\/{rel}","templated":true}]}}