{"id":35,"date":"2020-01-27T19:21:49","date_gmt":"2020-01-27T17:21:49","guid":{"rendered":"http:\/\/ferienhausfeldmann.fi\/www\/?page_id=35"},"modified":"2020-01-28T18:48:59","modified_gmt":"2020-01-28T16:48:59","slug":"in-english","status":"publish","type":"page","link":"https:\/\/ferienhausfeldmann.fi\/www\/in-english\/","title":{"rendered":"in English"},"content":{"rendered":"\r\n<p><img loading=\"lazy\" decoding=\"async\" src=\"\/kuvat\/maisema001.jpg\" border=\"0\" width=\"600\" height=\"95\"><\/p>\r\n<h3><a href=\"\/helmi.htm\" target=\"_blank\" rel=\"noopener noreferrer\">Virtual tour<\/a><\/h3>\r\n<h3><a href=\"\/www\/kuvagalleria\">Images<br><\/a><\/h3>\r\n<br>\r\n<p><strong>Site\/Milieu<\/strong><br>\r\nHauho, Rukkoila<br>\r\nV\u00e4h\u00e4-Roine, Hiiriselk\u00e4, 70 m to the water shore, shallow natural sandy beach, also suitable for children, 50 m coastline<br>\r\nParking at the yard<\/p>\r\n\r\n<strong>Distances<\/strong><br>\r\nGrocery store 13 km, neighbour 100 m, restaurant 13 km, ski track 100 m, slalom slope 38 km, bus stop 7 km, railway station 42 km, Helsinki 142 km, H\u00e4meenlinna 42 km, Lahti 73 km, Tampere 74 km<\/p>\r\n\r\n<p><strong>Holiday Cottage<\/strong><br>\r\nLog house, 54 m<sup>2<\/sup><br>\r\nIndoor (hut) + 1 bedroom + kitchen + loft, 1.5-floor<br>\r\n4 + 2 beds, linen (extra) 20 \u20ac\/person<br>\r\nAll over year, electric and wood heating<br>\r\nBuilt in 2006<\/p>\r\n<p><img loading=\"lazy\" decoding=\"async\" src=\"\/kuvat\/maisema002.jpg\" border=\"0\" width=\"601\" height=\"95\"><\/p>\r\n\r\n<p><strong>Equipment<\/strong><\/p>\r\n<li>electricity; network<\/li>\r\n<li>water-main (well)<\/li>\r\n<li>WC<\/li>\r\n<li>shower<\/li>\r\n<li>electric lighting<\/li>\r\n<li>fridge <\/li>\r\n<li>heat storing fireplace, firewood<\/li>\r\n<li>electric stove<\/li>\r\n<li>microwave oven<\/li>\r\n<li>set of dishes<\/li>\r\n<li>dishwasher<\/li>\r\n<li>coffee-maker<\/li>\r\n<li>toaster<\/li>\r\n<li>TV<\/li>\r\n<li>washing machine<\/li>\r\n<li>vacuum cleaner<\/li>\r\n<li>barbecue<\/li>\r\n<li>rowboat<\/li>\r\n<li>dock<\/li>\r\n<br>\r\n\r\n<p><strong>Sauna<br>\r\n<\/strong>In the same building<br> Wood-heated, 3-4 persons (max)<br> Bathroom<\/p>\r\n\r\n<p><strong>Contact<\/strong><br>\r\n+35850 308 7151<br>\r\nE-mail: <a href=\"mailto:seija.feldmann@gmail.com\">seija.feldmann@gmail.com<\/p>\r\n<p><img loading=\"lazy\" decoding=\"async\" src=\"\/kuvat\/maisema003.jpg\" border=\"0\" width=\"600\" height=\"95\"><\/p>\r\n\r\n\r\n\r\n<p><\/p>\r\n","protected":false},"excerpt":{"rendered":"<p>Virtual tour Images Site\/Milieu Hauho, Rukkoila V\u00e4h\u00e4-Roine, Hiiriselk\u00e4, 70 m to the water shore, shallow natural sandy beach, also suitable for children, 50 m coastline Parking at the yard Distances Grocery store 13 km, neighbour 100 m, restaurant 13 km, ski track 100 m, slalom slope 38 km, bus stop 7 km, railway station 42 &#8230; <a title=\"in English\" class=\"read-more\" href=\"https:\/\/ferienhausfeldmann.fi\/www\/in-english\/\" aria-label=\"Lue lis\u00e4\u00e4 aiheesta in English\">Lue lis\u00e4\u00e4<\/a><\/p>\n","protected":false},"author":1,"featured_media":0,"parent":0,"menu_order":0,"comment_status":"closed","ping_status":"closed","template":"","meta":{"ngg_post_thumbnail":0,"footnotes":""},"class_list":["post-35","page","type-page","status-publish"],"_links":{"self":[{"href":"https:\/\/ferienhausfeldmann.fi\/www\/wp-json\/wp\/v2\/pages\/35","targetHints":{"allow":["GET"]}}],"collection":[{"href":"https:\/\/ferienhausfeldmann.fi\/www\/wp-json\/wp\/v2\/pages"}],"about":[{"href":"https:\/\/ferienhausfeldmann.fi\/www\/wp-json\/wp\/v2\/types\/page"}],"author":[{"embeddable":true,"href":"https:\/\/ferienhausfeldmann.fi\/www\/wp-json\/wp\/v2\/users\/1"}],"replies":[{"embeddable":true,"href":"https:\/\/ferienhausfeldmann.fi\/www\/wp-json\/wp\/v2\/comments?post=35"}],"version-history":[{"count":45,"href":"https:\/\/ferienhausfeldmann.fi\/www\/wp-json\/wp\/v2\/pages\/35\/revisions"}],"predecessor-version":[{"id":320,"href":"https:\/\/ferienhausfeldmann.fi\/www\/wp-json\/wp\/v2\/pages\/35\/revisions\/320"}],"wp:attachment":[{"href":"https:\/\/ferienhausfeldmann.fi\/www\/wp-json\/wp\/v2\/media?parent=35"}],"curies":[{"name":"wp","href":"https:\/\/api.w.org\/{rel}","templated":true}]}}